{"id":9,"date":"2023-03-17T11:25:51","date_gmt":"2023-03-17T11:25:51","guid":{"rendered":"https:\/\/14patios.com\/?page_id=9"},"modified":"2023-05-29T15:32:23","modified_gmt":"2023-05-29T15:32:23","slug":"home","status":"publish","type":"page","link":"https:\/\/14patios.com\/","title":{"rendered":"Home"},"content":{"rendered":"<p>[et_pb_section fb_built=\u00bb1&#8243; disabled_on=\u00bbon|off|off\u00bb _builder_version=\u00bb4.20.2&#8243; _module_preset=\u00bbdefault\u00bb background_video_mp4=\u00bbhttps:\/\/14patios.com\/wp-content\/uploads\/2023\/03\/bg14patios.mp4&#8243; custom_padding=\u00bb0px||0px|||\u00bb global_colors_info=\u00bb{}\u00bb][et_pb_row column_structure=\u00bb1_2,1_2&#8243; use_custom_gutter=\u00bbon\u00bb gutter_width=\u00bb1&#8243; custom_padding_last_edited=\u00bbon|phone\u00bb _builder_version=\u00bb4.20.2&#8243; _module_preset=\u00bbdefault\u00bb width=\u00bb100%\u00bb max_width=\u00bb1920px\u00bb custom_margin_tablet=\u00bb\u00bb custom_margin_phone=\u00bb||0px||false|false\u00bb custom_margin_last_edited=\u00bbon|phone\u00bb custom_padding=\u00bb0px||0px|||\u00bb custom_padding_tablet=\u00bb0px||0px|||\u00bb custom_padding_phone=\u00bb||0px||false|false\u00bb border_color_bottom=\u00bb#6b6b6b\u00bb border_style_bottom=\u00bbdouble\u00bb global_colors_info=\u00bb{}\u00bb][et_pb_column type=\u00bb1_2&#8243; _builder_version=\u00bb4.20.2&#8243; _module_preset=\u00bbdefault\u00bb background_color=\u00bbrgba(0,0,0,0.63)\u00bb custom_padding_tablet=\u00bb\u00bb custom_padding_phone=\u00bb||0px||false|false\u00bb custom_padding_last_edited=\u00bbon|phone\u00bb global_colors_info=\u00bb{}\u00bb][et_pb_image src=\u00bbhttps:\/\/14patios.com\/wp-content\/uploads\/2023\/03\/los14patioslogo2-300&#215;115.png\u00bb title_text=\u00bblos14patioslogo2&#8243; align=\u00bbcenter\u00bb _builder_version=\u00bb4.20.2&#8243; _module_preset=\u00bbdefault\u00bb width=\u00bb27%\u00bb custom_padding=\u00bb58px||||false|false\u00bb locked=\u00bboff\u00bb global_colors_info=\u00bb{}\u00bb][\/et_pb_image][et_pb_text _builder_version=\u00bb4.19.5&#8243; _module_preset=\u00bbdefault\u00bb header_font=\u00bb|700|||||||\u00bb header_text_align=\u00bbcenter\u00bb header_text_color=\u00bb#FFFFFF\u00bb header_font_size=\u00bb50px\u00bb custom_padding=\u00bb32px|5%|5px|5%|false|true\u00bb header_text_shadow_style=\u00bbpreset1&#8243; header_text_shadow_vertical_length=\u00bb0.02em\u00bb header_text_shadow_blur_strength=\u00bb0em\u00bb global_colors_info=\u00bb{}\u00bb]<\/p>\n<h1>Alquila tu espacio de cocina y haz crecer tu negocio<\/h1>\n<p>[\/et_pb_text][et_pb_text _builder_version=\u00bb4.20.2&#8243; _module_preset=\u00bbdefault\u00bb text_text_color=\u00bb#FFFFFF\u00bb text_orientation=\u00bbcenter\u00bb custom_padding=\u00bb8px|10%|125px|10%|false|true\u00bb global_colors_info=\u00bb{}\u00bb]<\/p>\n<p>Amplios espacios de cocina para restaurantes y productores de alimentos con miras a maximizar su producci\u00f3n y eficiencia.<\/p>\n<p>[\/et_pb_text][\/et_pb_column][et_pb_column type=\u00bb1_2&#8243; _builder_version=\u00bb4.20.2&#8243; _module_preset=\u00bbdefault\u00bb background_enable_video_mp4=\u00bboff\u00bb custom_padding_tablet=\u00bb\u00bb custom_padding_phone=\u00bb||0px||false|false\u00bb custom_padding_last_edited=\u00bbon|phone\u00bb global_colors_info=\u00bb{}\u00bb][\/et_pb_column][\/et_pb_row][\/et_pb_section][et_pb_section fb_built=\u00bb1&#8243; disabled_on=\u00bboff|on|on\u00bb _builder_version=\u00bb4.20.2&#8243; _module_preset=\u00bbdefault\u00bb background_video_mp4=\u00bbhttps:\/\/14patios.com\/wp-content\/uploads\/2023\/03\/bg14patios.mp4&#8243; custom_padding=\u00bb0px||0px|||\u00bb global_colors_info=\u00bb{}\u00bb][et_pb_row use_custom_gutter=\u00bbon\u00bb gutter_width=\u00bb1&#8243; custom_padding_last_edited=\u00bbon|phone\u00bb _builder_version=\u00bb4.20.2&#8243; _module_preset=\u00bbdefault\u00bb background_color=\u00bbrgba(0,0,0,0.2)\u00bb width=\u00bb100%\u00bb max_width=\u00bb1920px\u00bb custom_margin_tablet=\u00bb\u00bb custom_margin_phone=\u00bb||0px||false|false\u00bb custom_margin_last_edited=\u00bbon|phone\u00bb custom_padding=\u00bb0px||0px|||\u00bb custom_padding_tablet=\u00bb0px||0px|||\u00bb custom_padding_phone=\u00bb||0px||false|false\u00bb border_color_bottom=\u00bb#6b6b6b\u00bb border_style_bottom=\u00bbdouble\u00bb global_colors_info=\u00bb{}\u00bb][et_pb_column type=\u00bb4_4&#8243; _builder_version=\u00bb4.20.2&#8243; _module_preset=\u00bbdefault\u00bb background_color=\u00bbRGBA(255,255,255,0)\u00bb custom_padding_tablet=\u00bb\u00bb custom_padding_phone=\u00bb||0px||false|false\u00bb custom_padding_last_edited=\u00bbon|phone\u00bb global_colors_info=\u00bb{}\u00bb][et_pb_image src=\u00bbhttps:\/\/14patios.com\/wp-content\/uploads\/2023\/03\/los14patioslogo2-300&#215;115.png\u00bb title_text=\u00bblos14patioslogo2&#8243; align=\u00bbcenter\u00bb _builder_version=\u00bb4.20.2&#8243; _module_preset=\u00bbdefault\u00bb width=\u00bb27%\u00bb width_tablet=\u00bb27%\u00bb width_phone=\u00bb56%\u00bb width_last_edited=\u00bbon|phone\u00bb custom_padding=\u00bb58px||||false|false\u00bb locked=\u00bboff\u00bb global_colors_info=\u00bb{}\u00bb][\/et_pb_image][et_pb_text _builder_version=\u00bb4.20.2&#8243; _module_preset=\u00bbdefault\u00bb header_font=\u00bb|700|||||||\u00bb header_text_align=\u00bbcenter\u00bb header_text_color=\u00bb#FFFFFF\u00bb header_font_size=\u00bb50px\u00bb custom_padding=\u00bb32px|5%|5px|5%|false|true\u00bb header_font_size_tablet=\u00bb50px\u00bb header_font_size_phone=\u00bb37px\u00bb header_font_size_last_edited=\u00bbon|phone\u00bb header_text_shadow_style=\u00bbpreset1&#8243; header_text_shadow_vertical_length=\u00bb0.02em\u00bb header_text_shadow_blur_strength=\u00bb0em\u00bb global_colors_info=\u00bb{}\u00bb]<\/p>\n<h1>Alquila tu espacio de cocina y haz crecer tu negocio<\/h1>\n<p>[\/et_pb_text][et_pb_text _builder_version=\u00bb4.20.2&#8243; _module_preset=\u00bbdefault\u00bb text_text_color=\u00bb#FFFFFF\u00bb text_orientation=\u00bbcenter\u00bb custom_padding=\u00bb8px|10%|125px|10%|false|true\u00bb custom_padding_tablet=\u00bb8px|10%|125px|10%|false|true\u00bb custom_padding_phone=\u00bb8px|5%|70px|5%|false|true\u00bb custom_padding_last_edited=\u00bbon|phone\u00bb global_colors_info=\u00bb{}\u00bb]Amplios espacios de cocina para restaurantes y productores de alimentos con miras a maximizar su producci\u00f3n y eficiencia.[\/et_pb_text][\/et_pb_column][\/et_pb_row][\/et_pb_section][et_pb_section fb_built=\u00bb1&#8243; admin_label=\u00bbBest Beans\u00bb _builder_version=\u00bb4.19.5&#8243; background_color_gradient_direction=\u00bb90deg\u00bb custom_padding=\u00bb0px|0px|0px|0px\u00bb global_colors_info=\u00bb{}\u00bb][et_pb_row column_structure=\u00bb1_2,1_2&#8243; use_custom_gutter=\u00bbon\u00bb gutter_width=\u00bb1&#8243; make_equal=\u00bbon\u00bb admin_label=\u00bbBest Beans Row\u00bb module_class=\u00bb et_pb_row_fullwidth\u00bb _builder_version=\u00bb4.20.2&#8243; width=\u00bb100%\u00bb width_tablet=\u00bb100%\u00bb width_phone=\u00bb100%\u00bb width_last_edited=\u00bbon|desktop\u00bb max_width=\u00bb100%\u00bb max_width_tablet=\u00bb100%\u00bb max_width_phone=\u00bb100%\u00bb max_width_last_edited=\u00bbon|desktop\u00bb custom_margin=\u00bb|||\u00bb custom_padding=\u00bb0px|0px|0px|0px\u00bb make_fullwidth=\u00bbon\u00bb global_colors_info=\u00bb{}\u00bb][et_pb_column type=\u00bb1_2&#8243; _builder_version=\u00bb4.20.2&#8243; background_image=\u00bbhttps:\/\/14patios.com\/wp-content\/uploads\/2023\/03\/chefespacios.jpg\u00bb parallax=\u00bbon\u00bb custom_padding=\u00bb|||\u00bb custom_padding_tablet=\u00bb|||\u00bb custom_padding_phone=\u00bb0px||156px||false|false\u00bb custom_padding_last_edited=\u00bbon|phone\u00bb background_last_edited=\u00bbon|phone\u00bb parallax_phone=\u00bboff\u00bb background_size_phone=\u00bbcover\u00bb global_colors_info=\u00bb{}\u00bb custom_padding__hover=\u00bb|||\u00bb][\/et_pb_column][et_pb_column type=\u00bb1_2&#8243; _builder_version=\u00bb4.19.5&#8243; custom_padding=\u00bb50px|0%|0px||false|false\u00bb global_colors_info=\u00bb{}\u00bb custom_padding__hover=\u00bb|||\u00bb][et_pb_text _builder_version=\u00bb4.20.2&#8243; _module_preset=\u00bbdefault\u00bb header_font_size=\u00bb48px\u00bb header_2_font=\u00bb|600|||||||\u00bb header_2_text_align=\u00bbcenter\u00bb header_2_letter_spacing=\u00bb-1px\u00bb custom_margin=\u00bb-5px||||false|false\u00bb custom_margin_tablet=\u00bb-5px||||false|false\u00bb custom_margin_phone=\u00bb-24px||15px||false|false\u00bb custom_margin_last_edited=\u00bbon|phone\u00bb custom_padding=\u00bb0px|5%||5%|false|true\u00bb global_colors_info=\u00bb{}\u00bb]<\/p>\n<h2>Tenemos lo que necesitas:<\/h2>\n<p>[\/et_pb_text][et_pb_text _builder_version=\u00bb4.20.2&#8243; _module_preset=\u00bbdefault\u00bb text_orientation=\u00bbcenter\u00bb custom_padding=\u00bb|5%||5%|false|true\u00bb global_colors_info=\u00bb{}\u00bb]Alquila nuestros espacios y produce c\u00f3modamente con calidad, volumen y bajo costo mientras nosotros nos encargamos de todo lo dem\u00e1s: ubicaci\u00f3n, servicios, log\u00edstica, mantenimiento y seguridad.[\/et_pb_text][et_pb_text ul_position=\u00bbinside\u00bb ul_item_indent=\u00bb20px\u00bb _builder_version=\u00bb4.20.2&#8243; _module_preset=\u00bbdefault\u00bb ul_text_align=\u00bbleft\u00bb text_orientation=\u00bbcenter\u00bb custom_padding=\u00bb40px|5%|0px|5%|false|true\u00bb custom_padding_tablet=\u00bb40px|5%|0px|5%|false|true\u00bb custom_padding_phone=\u00bb26px|5%|0px|5%|false|true\u00bb custom_padding_last_edited=\u00bbon|phone\u00bb global_colors_info=\u00bb{}\u00bb]<\/p>\n<ul>\n<li>Espacios amplios con todos los servicios y mobiliario &#8211; solo faltan tus equipos\u00a0<\/li>\n<\/ul>\n<ul>\n<li>\u00c1reas de servicio y de descanso e instalaciones adicionales.\u00a0<\/li>\n<\/ul>\n<ul>\n<li>Zonificaci\u00f3n comercial<strong><\/strong><\/li>\n<\/ul>\n<p>[\/et_pb_text][dipl_button _builder_version=\u00bb4.21.0&#8243; _module_preset=\u00bbdefault\u00bb custom_margin=\u00bb20px||||false|false\u00bb global_colors_info=\u00bb{}\u00bb][dipl_button_item button_text=\u00bbCont\u00e1ctanos Ya\u00bb button_url=\u00bb#contacto\u00bb button_alignment=\u00bbcenter\u00bb button_custom_margin=\u00bb||32px||false|false\u00bb button_custom_padding=\u00bb12px|33px|12px|33px|true|true\u00bb button_bg_use_color_gradient=\u00bbon\u00bb button_bg_color_gradient_stops=\u00bb#187a3a 0%|#0b3d1e 99%\u00bb _builder_version=\u00bb4.21.0&#8243; _module_preset=\u00bbdefault\u00bb button_font=\u00bb|700|||||||\u00bb button_text_color=\u00bb#FFFFFF\u00bb button_font_size=\u00bb22px\u00bb button_letter_spacing=\u00bb-1px\u00bb text_orientation=\u00bbcenter\u00bb border_radii=\u00bbon|28px|28px|28px|28px\u00bb global_colors_info=\u00bb{}\u00bb][\/dipl_button_item][\/dipl_button][dipl_image_accordion active_accordion_size=\u00bb5&#8243; _builder_version=\u00bb4.21.0&#8243; _module_preset=\u00bbdefault\u00bb global_colors_info=\u00bb{}\u00bb][dipl_image_accordion_item accordion_bg_color=\u00bb#a3a3a3&#8243; accordion_bg_image=\u00bbhttps:\/\/14patios.com\/wp-content\/uploads\/2023\/05\/002.jpg\u00bb active_accordion_bg_image=\u00bbhttps:\/\/14patios.com\/wp-content\/uploads\/2023\/05\/002.jpg\u00bb _builder_version=\u00bb4.21.0&#8243; _module_preset=\u00bbdefault\u00bb global_colors_info=\u00bb{}\u00bb][\/dipl_image_accordion_item][dipl_image_accordion_item accordion_bg_color=\u00bb#a3a3a3&#8243; accordion_bg_image=\u00bbhttps:\/\/14patios.com\/wp-content\/uploads\/2023\/05\/001.jpg\u00bb active_accordion_bg_image=\u00bbhttps:\/\/14patios.com\/wp-content\/uploads\/2023\/05\/001.jpg\u00bb _builder_version=\u00bb4.21.0&#8243; _module_preset=\u00bbdefault\u00bb global_colors_info=\u00bb{}\u00bb][\/dipl_image_accordion_item][dipl_image_accordion_item accordion_bg_color=\u00bb#a3a3a3&#8243; accordion_bg_image=\u00bbhttps:\/\/14patios.com\/wp-content\/uploads\/2023\/05\/003.jpg\u00bb active_accordion_bg_image=\u00bbhttps:\/\/14patios.com\/wp-content\/uploads\/2023\/05\/003.jpg\u00bb _builder_version=\u00bb4.21.0&#8243; _module_preset=\u00bbdefault\u00bb global_colors_info=\u00bb{}\u00bb][\/dipl_image_accordion_item][\/dipl_image_accordion][\/et_pb_column][\/et_pb_row][\/et_pb_section][et_pb_section fb_built=\u00bb1&#8243; admin_label=\u00bbVideo Title Section\u00bb _builder_version=\u00bb4.19.5&#8243; background_color=\u00bb#FFFFFF\u00bb custom_padding=\u00bb0px|0px|0px|0px||\u00bb saved_tabs=\u00bball\u00bb global_colors_info=\u00bb{}\u00bb][et_pb_row column_structure=\u00bb1_2,1_2&#8243; use_custom_gutter=\u00bbon\u00bb gutter_width=\u00bb1&#8243; make_equal=\u00bbon\u00bb module_id=\u00bbcontacto\u00bb module_class=\u00bb et_pb_row_fullwidth\u00bb _builder_version=\u00bb4.21.0&#8243; _module_preset=\u00bbdefault\u00bb width=\u00bb100%\u00bb width_tablet=\u00bb100%\u00bb width_phone=\u00bb100%\u00bb width_last_edited=\u00bbon|desktop\u00bb max_width=\u00bb100%\u00bb max_width_tablet=\u00bb100%\u00bb max_width_phone=\u00bb100%\u00bb max_width_last_edited=\u00bbon|desktop\u00bb custom_margin=\u00bb|||\u00bb custom_padding=\u00bb0px|0px|0px|0px\u00bb global_colors_info=\u00bb{}\u00bb][et_pb_column type=\u00bb1_2&#8243; _builder_version=\u00bb4.19.5&#8243; _module_preset=\u00bbdefault\u00bb custom_padding=\u00bb|5%||5%|false|true\u00bb global_colors_info=\u00bb{}\u00bb][et_pb_image src=\u00bbhttps:\/\/14patios.com\/wp-content\/uploads\/2023\/03\/los14patioslogo1.png\u00bb title_text=\u00bblos14patioslogo1&#8243; align=\u00bbcenter\u00bb _builder_version=\u00bb4.19.5&#8243; _module_preset=\u00bbdefault\u00bb width=\u00bb50%\u00bb custom_padding=\u00bb60px||||false|false\u00bb global_colors_info=\u00bb{}\u00bb][\/et_pb_image][et_pb_text _builder_version=\u00bb4.19.5&#8243; _module_preset=\u00bbdefault\u00bb text_orientation=\u00bbcenter\u00bb custom_margin=\u00bb||31px|||\u00bb global_colors_info=\u00bb{}\u00bb]<\/p>\n<p>Aprovecha nuestra ubicaci\u00f3n privilegiada, con \u00e1reas de descanso y despacho centralizado para pedidos y entregas.<\/p>\n<p>[\/et_pb_text][et_pb_signup provider=\u00bbsendinblue\u00bb sendinblue_list=\u00bbdivi|163&#8243; first_name_field=\u00bboff\u00bb last_name_field=\u00bboff\u00bb email_fullwidth=\u00bboff\u00bb use_custom_fields=\u00bbon\u00bb success_message=\u00bbSu mensaje ha sido enviado\u00bb _builder_version=\u00bb4.21.0&#8243; _module_preset=\u00bbdefault\u00bb form_field_text_color=\u00bb#000000&#8243; header_text_color=\u00bb#000000&#8243; body_font=\u00bb|600|||||||\u00bb result_message_text_color=\u00bb#000000&#8243; form_field_font=\u00bb|600|||||||\u00bb background_enable_color=\u00bboff\u00bb custom_button=\u00bbon\u00bb button_text_color=\u00bb#FFFFFF\u00bb button_bg_color=\u00bb#265906&#8243; button_border_width=\u00bb0px\u00bb button_border_radius=\u00bb7px\u00bb custom_padding=\u00bb0px|||||\u00bb hover_enabled=\u00bb0&#8243; border_width_all_fields=\u00bb1px\u00bb border_color_all_fields=\u00bb#727272&#8243; global_colors_info=\u00bb{}\u00bb sticky_enabled=\u00bb0&#8243;][et_pb_signup_custom_field field_id=\u00bbNOMBRE\u00bb field_title=\u00bbNombre\u00bb field_type=\u00bbinput\u00bb fullwidth_field=\u00bboff\u00bb _builder_version=\u00bb4.21.0&#8243; _module_preset=\u00bbdefault\u00bb hover_enabled=\u00bb0&#8243; global_colors_info=\u00bb{}\u00bb predefined_field=\u00bbNOMBRE\u00bb sticky_enabled=\u00bb0&#8243;][\/et_pb_signup_custom_field][et_pb_signup_custom_field field_id=\u00bbSURNAME\u00bb field_title=\u00bbApellido\u00bb field_type=\u00bbinput\u00bb fullwidth_field=\u00bboff\u00bb _builder_version=\u00bb4.21.0&#8243; _module_preset=\u00bbdefault\u00bb global_colors_info=\u00bb{}\u00bb predefined_field=\u00bbSURNAME\u00bb][\/et_pb_signup_custom_field][et_pb_signup_custom_field field_id=\u00bbTELEFONO\u00bb field_title=\u00bbTel\u00e9fono\u00bb field_type=\u00bbinput\u00bb fullwidth_field=\u00bboff\u00bb _builder_version=\u00bb4.21.0&#8243; _module_preset=\u00bbdefault\u00bb hover_enabled=\u00bb0&#8243; global_colors_info=\u00bb{}\u00bb predefined_field=\u00bbTELEFONO\u00bb sticky_enabled=\u00bb0&#8243;][\/et_pb_signup_custom_field][\/et_pb_signup][et_pb_social_media_follow _builder_version=\u00bb4.20.2&#8243; _module_preset=\u00bbdefault\u00bb text_orientation=\u00bbcenter\u00bb custom_padding=\u00bb30px||||false|false\u00bb global_colors_info=\u00bb{}\u00bb][et_pb_social_media_follow_network social_network=\u00bbfacebook\u00bb url=\u00bbhttps:\/\/www.facebook.com\/profile.php?id=100090926370093&#8243; _builder_version=\u00bb4.20.2&#8243; _module_preset=\u00bbdefault\u00bb background_color=\u00bb#3b5998&#8243; global_colors_info=\u00bb{}\u00bb follow_button=\u00bboff\u00bb url_new_window=\u00bbon\u00bb]facebook[\/et_pb_social_media_follow_network][et_pb_social_media_follow_network social_network=\u00bbinstagram\u00bb url=\u00bbhttps:\/\/www.instagram.com\/los14patios\/\u00bb _builder_version=\u00bb4.20.2&#8243; _module_preset=\u00bbdefault\u00bb background_color=\u00bb#ea2c59&#8243; global_colors_info=\u00bb{}\u00bb follow_button=\u00bboff\u00bb url_new_window=\u00bbon\u00bb]instagram[\/et_pb_social_media_follow_network][\/et_pb_social_media_follow][\/et_pb_column][et_pb_column type=\u00bb1_2&#8243; _builder_version=\u00bb4.19.5&#8243; _module_preset=\u00bbdefault\u00bb global_colors_info=\u00bb{}\u00bb][et_pb_code _builder_version=\u00bb4.19.5&#8243; _module_preset=\u00bbdefault\u00bb global_colors_info=\u00bb{}\u00bb]<iframe src=\"https:\/\/www.google.com\/maps\/embed?pb=!1m18!1m12!1m3!1d13980.28799696602!2d-66.8323151874715!3d10.493914399770892!2m3!1f0!2f0!3f0!3m2!1i1024!2i768!4f13.1!3m3!1m2!1s0x8c2a59cc88bfe44b%3A0xd4fca750550e0288!2sMontecristo%2C%20Caracas%201071%2C%20Miranda!5e0!3m2!1ses!2sve!4v1679360711258!5m2!1ses!2sve\" width=\"1200\" height=\"700\" style=\"border:0;\" allowfullscreen=\"\" loading=\"lazy\" referrerpolicy=\"no-referrer-when-downgrade\"><\/iframe>[\/et_pb_code][\/et_pb_column][\/et_pb_row][\/et_pb_section][et_pb_section fb_built=\u00bb1&#8243; admin_label=\u00bbAbout Coffee\u00bb _builder_version=\u00bb4.21.0&#8243; background_color=\u00bb#1d2528&#8243; use_background_color_gradient=\u00bbon\u00bb background_color_gradient_stops=\u00bbrgba(0,0,0,0.82) 1%|#082b0e 100%\u00bb background_color_gradient_overlays_image=\u00bbon\u00bb background_image=\u00bbhttps:\/\/14patios.com\/wp-content\/uploads\/2023\/03\/Diseno-sin-titulo.jpg\u00bb custom_padding=\u00bb4%|0px|1.2%|0px|false|false\u00bb locked=\u00bboff\u00bb global_colors_info=\u00bb{}\u00bb][et_pb_row _builder_version=\u00bb4.21.0&#8243; _module_preset=\u00bbdefault\u00bb global_colors_info=\u00bb{}\u00bb][et_pb_column type=\u00bb4_4&#8243; _builder_version=\u00bb4.21.0&#8243; _module_preset=\u00bbdefault\u00bb global_colors_info=\u00bb{}\u00bb][et_pb_menu menu_style=\u00bbcentered\u00bb _builder_version=\u00bb4.21.0&#8243; _module_preset=\u00bbdefault\u00bb menu_text_color=\u00bb#FFFFFF\u00bb background_enable_color=\u00bboff\u00bb global_colors_info=\u00bb{}\u00bb][\/et_pb_menu][\/et_pb_column][\/et_pb_row][\/et_pb_section]<\/p>\n","protected":false},"excerpt":{"rendered":"<p>Alquila tu espacio de cocina y haz crecer tu negocioAmplios espacios de cocina para restaurantes y productores de alimentos con miras a maximizar su producci\u00f3n y eficiencia.Alquila tu espacio de cocina y haz crecer tu negocioAmplios espacios de cocina para restaurantes y productores de alimentos con miras a maximizar su producci\u00f3n y eficiencia.Tenemos lo que [&hellip;]<\/p>\n","protected":false},"author":1,"featured_media":0,"parent":0,"menu_order":0,"comment_status":"closed","ping_status":"closed","template":"page-template-blank.php","meta":{"_et_pb_use_builder":"on","_et_pb_old_content":"","_et_gb_content_width":"","footnotes":""},"class_list":["post-9","page","type-page","status-publish","hentry"],"_links":{"self":[{"href":"https:\/\/14patios.com\/index.php\/wp-json\/wp\/v2\/pages\/9","targetHints":{"allow":["GET"]}}],"collection":[{"href":"https:\/\/14patios.com\/index.php\/wp-json\/wp\/v2\/pages"}],"about":[{"href":"https:\/\/14patios.com\/index.php\/wp-json\/wp\/v2\/types\/page"}],"author":[{"embeddable":true,"href":"https:\/\/14patios.com\/index.php\/wp-json\/wp\/v2\/users\/1"}],"replies":[{"embeddable":true,"href":"https:\/\/14patios.com\/index.php\/wp-json\/wp\/v2\/comments?post=9"}],"version-history":[{"count":96,"href":"https:\/\/14patios.com\/index.php\/wp-json\/wp\/v2\/pages\/9\/revisions"}],"predecessor-version":[{"id":197,"href":"https:\/\/14patios.com\/index.php\/wp-json\/wp\/v2\/pages\/9\/revisions\/197"}],"wp:attachment":[{"href":"https:\/\/14patios.com\/index.php\/wp-json\/wp\/v2\/media?parent=9"}],"curies":[{"name":"wp","href":"https:\/\/api.w.org\/{rel}","templated":true}]}}